3579 (base 13) in base 12?
329ab42
Convert -a3764 (base 14) to base 16.
-6027c
-1741839 (base 11) to base 9
-5511102
Convert -2241226 (base 7) to base 14.
-7394d
27c975 (base 14) to base 10
1379355
-117688 (base 9) to base 14
-1bd95
-1561416 (base 8) to base 6
-13401314
10010122111 (base 3) to base 14
186ba
94ceee (base 15) to base 4
123000230231
31131011223 (base 4) to base 3
20122012011100
-165528 (base 16) to base 7
-15304014
Convert 12807a0 (base 14) to base 10.
8914024
Convert -111000220110 (base 3) to base 4.
-332220123
2403330341 (base 5) to base 15
74294b
Convert 205050320 (base 7) to base 2.
101110010001011011011101
df58 (base 16) to base 15
11e1b
c7175 (base 13) to base 2
1010111011111101000
Convert 11102211222220 (base 3) to base 7.
26023446
112312344 (base 6) to base 7
23443321
-d8a6c (base 16) to base 5
-211344104
What is -1101214 (base 8) in base 15?
-5c894
What is ca8a37 (base 13) in base 8?
22121566
Convert 4988b (base 13) to base 8.
410474
1070659 (base 13) to base 11
292452a
Convert -22440306 (base 7) to base 4.
-13132113021
-1465a65 (base 13) to base 9
-13200874
What is 1100862 (base 9) in base 15?
ba27e
What is 115ab (base 14) in base 16?
a533
Convert -168087 (base 12) to base 10.
-387175
What is -419714 (base 10) in base 9?
-708658
What is 3e764 (base 15) in base 11?
127950
Convert -130254203 (base 6) to base 2.
-1001101100101100111011
Convert 2020001300 (base 4) to base 15.
b0148
238fe (base 16) to base 7
1144446
-31451481 (base 9) to base 14
-202544b
332121322 (base 4) to base 3
110222122001
Convert -249aa4 (base 12) to base 10.
-597724
Convert aa4b6 (base 15) to base 16.
8418f
Convert -1200031101 (base 4) to base 8.
-1401521
What is 153b15a (base 12) in base 4?
100130220112
-3231534 (base 6) to base 9
-263214
Convert -3244505 (base 7) to base 9.
-665585
100000101011110100000 (base 2) to base 3
2000102010222
-202122001202 (base 3) to base 11
-258122
What is 182cd5 (base 14) in base 5?
204300204
14b77d8 (base 14) to base 7
152024361
What is 13013332 (base 4) in base 10?
29182
-4460464 (base 7) to base 15
-ada67
-952a2 (base 15) to base 11
-2a34a3
Convert 1b731 (base 16) to base 4.
123130301
What is b0c54 (base 13) in base 6?
10440112
What is -110110110011011011111100 (base 2) in base 15?
-13dbae0
Convert -d70e9 (base 15) to base 14.
-13a761
Convert -2000403 (base 5) to base 14.
-b5d7
8cd21 (base 16) to base 7
4621431
Convert -11111010001011001101 (base 2) to base 5.
-230242332
What is -112435225 (base 6) in base 16?
-1fe041
Convert 973641 (base 12) to base 2.
1001000111101011010001
What is -2584da (base 14) in base 15?
-1a763b
-338661 (base 12) to base 16
-c90a9
Convert -1b0a513 (base 14) to base 6.
-1200443445
Convert 148aa8 (base 15) to base 11.
617847
9ac23 (base 13) to base 4
1010213310
Convert -2b90753 (base 12) to base 8.
-41740457
Convert 2fbf2 (base 16) to base 14.
513b4
-b41d (base 14) to base 16
-7913
221002413 (base 5) to base 4
3220302023
Convert -14303104 (base 5) to base 15.
-2e86e
a28908 (base 11) to base 9
3086431
-211031321 (base 4) to base 12
-74275
-862062 (base 10) to base 8
-3223556
Convert 524cb8 (base 14) to base 9.
5205608
What is -1ab46 (base 16) in base 2?
-11010101101000110
852a7 (base 13) to base 3
110012010222
14ab52 (base 14) to base 16
b0104
What is 1c47c (base 16) in base 8?
342174
Convert -318b3b (base 12) to base 2.
-10111111000101011111
Convert -c897 (base 13) to base 9.
-42163
What is 11011311424 (base 5) in base 6?
1101222523
What is -b805a (base 15) in base 7?
-4651336
Convert 5616206 (base 7) to base 10.
693650
What is -1959e (base 15) in base 10?
-82274
What is -3542200 (base 6) in base 11?
-116710
-249412 (base 13) to base 9
-1576371
Convert 58781 (base 15) to base 2.
1000100110011011101
-12015644 (base 7) to base 2
-100000011100101110011
-355104 (base 6) to base 5
-1442203
Convert -349606 (base 14) to base 11.
-1015133
12444003 (base 5) to base 11
85906
2225257 (base 8) to base 5
123211001
Convert 532526 (base 10) to base 2.
10000010000000101110
What is -1154506 (base 7) in base 10?
-148084
-33425000 (base 6) to base 16
-f7b18
Convert -210101220212111 (base 3) to base 11.
-646a410
What is -371a1 (base 11) in base 4?
-31003200
Convert -25533103 (base 6) to base 15.
-117d3c
54650253 (base 7) to base 8
21736156
What is 13610426 (base 7) in base 3?
2102000202112
2300341 (base 6) to base 5
12214043
Convert 110100011100101110001 (base 2) to base 3.
10020022112101
What is -2444251 (base 8) in base 14?
-137881
What is 10106324 (base 7) in base 5?
203430243
Convert 254851 (base 12) to base 2.
10010100110010111101
-4c09c6 (base 16) to base 9
-10334641
What is 34a781 (base 14) in base 7?
21160221
What is -330201212321 (base 4) in base 15?
-15d61d2
-40596a (base 14) to base 12
-885b8a
What is a09cd8 (base 14) in base 15?
71b953
13b93 (base 15) to base 10
63363
What is 502183 (base 11) in base 12?
32b801
What is -1114513 (base 6) in base 5?
-3304111
100101100100110111111 (base 2) to base 6
42220235
-70390 (base 10) to base 4
-101023312
2200220123 (base 4) to base 14
131ac3
Convert 321849 (base 10) to base 8.
1164471
What is -66537721 (base 8) in base 5?
-12132222303
What is 4310221100 (base 5) in base 16?
8a6646
Convert -590246 (base 10) to base 2.
-10010000000110100110
What is 714808 (base 10) in base 13?
1c0483
15977c (base 15) to base 3
1222001212200
Convert -12153453 (base 6) to base 13.
-1079a6
1585845 (base 9) to base 5
211233013
41399 (base 10) to base 7
231461
Convert 2211011212211 (base 3) to base 7.
15513424
-23b31 (base 12) to base 16
-bc95
-40514 (base 9) to base 5
-1323122
1724a73 (base 11) to base 15
3ce894
2432a41 (base 11) to base 9
7864500
What is -532379 (base 16) in base 2?
-10100110010001101111001
Convert -210608 (base 10) to base 12.
-a1a68
Convert -4924a (base 16) to base 10.
-299594
What is -2356221 (base 7) in base 8?
-1111567
Convert 1100100000101111 (base 2) to base 14.
14967
211221030123 (base 4) to base 8
45511433
Convert -8459 (base 16) to base 15.
-a08b
Convert 17c911 (base 16) to base 11.
975172
Convert 1011111010101010011 (base 2) to base 11.
247415
-3847b (base 13) to base 6
-2121353
Convert -20120101222111 (base 3) to base 11.
-1a75571
Convert 699 (base 11) to base 5.
11314
Convert 33243142 (base 5) to base 3.
112202101101
1211535 (base 7) to base 9
254560
What is -10001220021212 (base 3) in base 15?
-22370e
160cb2 (base 13) to base 9
1020328
-a061d (base 15) to base 14
-d2dd2
What is 255455444 (base 6) in base 15?
695a1d
Convert 52520 (base 8) to base 10.
21840
What is 28123 (base 9) in base 14?
6d32
What is 3534503 (base 8) in base 5?
221334211
-10cad2 (base 15) to base 8
-3037022
Convert -552041 (base 8) to base 7.
-1401313
Convert -19d75 (base 16) to base 14.
-2a805
Convert 720968 (base 11) to base 13.
316cb9
What is -11001001000010 (base 2) in base 14?
-4990
163811 (base 10) to base 5
20220221
What is 1635042 (base 7) in base 5?
24234224
1250171 (base 9) to base 2
10100110100111111001
-21654b (base 16) to base 11
-1265384
Convert -5e01a6 (base 15) to base 8.
-21140626
What is -42204340 (base 6) in base 3?
-2022110200220
Convert -211431221 (base 6) to base 7.
-43425511
What is -118805 (base 12) in base 7?
-2263406
Convert -111100010000101110111 (base 2) to base 5.
-1001142042
Convert 4283261 (base 9) to base 3.
11022210022001
What is 7199 (base 16) in base 4?
13012121
1304717 (base 8) to base 5
43103314
-222232000 (base 4) to base 8
-525600
215ca04 (base 13) to base 8
46711476
What is -1367514 (base 9) in base 16?
-b7f43
-31111412 (base 6) to base 13
-254a29
1361545 (base 8) to base 13
106851
What is 421a4a (base 11) in base 12?
287301
What is 12837 (base 15) in base 2?
1110011101011011
What is -4941554 (base 10) in base 4?
-102312123302
Convert 348c2 (base 14) to base 5.
13043322
-111613 (base 7) to base 9
-30211
Convert db408 (base 15) to base 13.
1b4b38
What is 10100010010010001000111 (base 2) in base 14?
9c5d1d
Convert -113bcac (base 14) to base 12.
-2902280
Convert -900ac8 (base 13) to base 5.
-1323442431
-172a325 (base 11) to base 4
-23032033030
-1011010000110011001010 (base 2) to base 8
-13206312
71473 (base 8) to base 9
44416
What is -4431310133 (base 5) in base 9?
-20114713
91339 (base 11) to base 16
20981
What is 132262602 (base 7) in base 9